306?
1
What is the thousands digit of 6085?
6
What is the tens digit of 17345?
4
What is the tens digit of 6115?
1
What is the tens digit of 19805?
0
What is the units digit of 217?
7
What is the hundreds digit of 8592?
5
What is the hundreds digit of 10244?
2
What is the hundreds digit of 9253?
2
What is the tens digit of 7026?
2
What is the hundreds digit of 10476?
4
What is the tens digit of 770?
7
What is the ten thousands digit of 11595?
1
What is the tens digit of 4065?
6
What is the ten thousands digit of 36742?
3
What is the tens digit of 12900?
0
What is the units digit of 1611?
1
What is the thousands digit of 1939?
1
What is the hundreds digit of 1249?
2
What is the tens digit of 7351?
5
What is the tens digit of 1144?
4
What is the hundred thousands digit of 102688?
1
What is the hundreds digit of 5013?
0
What is the ten thousands digit of 49490?
4
What is the hundreds digit of 168382?
3
What is the units digit of 9123?
3
What is the tens digit of 1727?
2
What is the tens digit of 6699?
9
What is the thousands digit of 65606?
5
What is the thousands digit of 6293?
6
What is the hundreds digit of 6542?
5
What is the units digit of 6354?
4
What is the hundreds digit of 621?
6
What is the tens digit of 61500?
0
What is the units digit of 20842?
2
What is the hundreds digit of 2776?
7
What is the hundreds digit of 10665?
6
What is the ten thousands digit of 14885?
1
What is the thousands digit of 1409?
1
What is the thousands digit of 5912?
5
What is the units digit of 42332?
2
What is the hundreds digit of 10222?
2
What is the hundreds digit of 57470?
4
What is the ten thousands digit of 10224?
1
What is the thousands digit of 7859?
7
What is the hundreds digit of 771?
7
What is the hundreds digit of 267?
2
What is the thousands digit of 122940?
2
What is the tens digit of 11307?
0
What is the tens digit of 340?
4
What is the tens digit of 767?
6
What is the hundreds digit of 277?
2
What is the tens digit of 3202?
0
What is the thousands digit of 2665?
2
What is the thousands digit of 19728?
9
What is the thousands digit of 75155?
5
What is the thousands digit of 26035?
6
What is the units digit of 75012?
2
What is the hundreds digit of 2167?
1
What is the tens digit of 65?
6
What is the units digit of 1802?
2
What is the units digit of 11557?
7
What is the units digit of 339?
9
What is the units digit of 82?
2
What is the tens digit of 60507?
0
What is the units digit of 35648?
8
What is the units digit of 712?
2
What is the hundreds digit of 257?
2
What is the tens digit of 33478?
7
What is the tens digit of 4081?
8
What is the hundred thousands digit of 101722?
1
What is the thousands digit of 22405?
2
What is the thousands digit of 39248?
9
What is the ten thousands digit of 50535?
5
What is the thousands digit of 19909?
9
What is the tens digit of 984?
8
What is the hundreds digit of 897?
8
What is the units digit of 847?
7
What is the thousands digit of 9318?
9
What is the ten thousands digit of 30235?
3
What is the hundreds digit of 1010?
0
What is the units digit of 5775?
5
What is the ten thousands digit of 92671?
9
What is the ten thousands digit of 13276?
1
What is the hundreds digit of 60039?
0
What is the ten thousands digit of 46262?
4
What is the units digit of 7206?
6
What is the thousands digit of 4942?
4
What is the hundreds digit of 4863?
8
What is the tens digit of 999?
9
What is the ten thousands digit of 42441?
4
What is the tens digit of 7632?
3
What is the ten thousands digit of 11715?
1
What is the units digit of 544?
4
What is the units digit of 1293?
3
What is the hundreds digit of 430?
4
What is the units digit of 9554?
4
What is the hundreds digit of 15061?
0
What is the hundreds digit of 6297?
2
What is the hundreds digit of 4743?
7
What is the units digit of 4524?
4
What is the tens digit of 4112?
1
What is the tens digit of 10643?
4
What is the hundreds digit of 31007?
0
What is the tens digit of 10950?
5
What is the ten thousands digit of 166797?
6
What is the thousands digit of 3130?
3
What is the hundreds digit of 81011?
0
What is the hundreds digit of 569?
5
What is the hundreds digit of 14036?
0
What is the thousands digit of 3481?
3
What is the hundred thousands digit of 123470?
1
What is the tens digit of 204?
0
What is the units digit of 30600?
0
What is the ten thousands digit of 20237?
2
What is the units digit of 35903?
3
What is the tens digit of 1542?
4
What is the hundreds digit of 2458?
4
What is the tens digit of 65381?
8
What is the units digit of 7493?
3
What is the thousands digit of 78577?
8
What is the tens digit of 106493?
9
What is the thousands digit of 99649?
9
What is the tens digit of 17407?
0
What is the tens digit of 2523?
2
What is the tens digit of 3751?
5
What is the hundreds digit of 1428?
4
What is the thousands digit of 52298?
2
What is the thousands digit of 29974?
9
What is the units digit of 32945?
5
What is the ten thousands digit of 28910?
2
What is the hundreds digit of 6153?
1
What is the thousands digit of 16234?
6
What is the ten thousands digit of 45715?
4
What is the tens digit of 1211?
1
What is the units digit of 129?
9
What is the hundreds digit of 19110?
1
What is the units digit of 1517?
7
What is the tens digit of 9488?
8
What is the tens digit of 789?
8
What is the thousands digit of 24861?
4
What is the hundreds digit of 54373?
3
What is the thousands digit of 37988?
7
What is the units digit of 63412?
2
What is the hundreds digit of 292?
2
What is the thousands digit of 11904?
1
What is the units digit of 55709?
9
What is the units digit of 7473?
3
What is the hundreds digit of 477?
4
What is the units digit of 1516?
6
What is the tens digit of 2000?
0
What is the units digit of 54?
4
What is the thousands digit of 2553?
2
What is the thousands digit of 6683?
6
What is the hundreds digit of 1419?
4
What is the tens digit of 18223?
2
What is the units digit of 33988?
8
What is the ten thousands digit of 43924?
4
What is the tens digit of 3318?
1
What is the tens digit of 2571?
7
What is the thousands digit of 5789?
5
What is the units digit of 9664?
4
What is the units digit of 75678?
8
What is the units digit of 17374?
4
What is the units digit of 6095?
5
What is the thousands digit of 82883?
2
What is the thousands digit of 2318?
2
What is the tens digit of 2924?
2
What is the tens digit of 7496?
9
What is the hundreds digit of 3976?
9
What is the tens digit of 618?
1
What is the tens digit of 870?
7
What is the hundreds digit of 6229?
2
What is the hundred thousands digit of 184868?
1
What is the thousands digit of 6325?
6
What is the hundreds digit of 866?
8
What is the units digit of 12?
2
What is the units digit of 1287?
7
What is the thousands digit of 1532?
1
What is the units digit of 1146?
6
What is the hundreds digit of 113836?
8
What is the thousands digit of 2294?
2
What is the hundreds digit of 1597?
5
What is the tens digit of 11198?
9
What is the thousands digit of 5869?
5
What is the tens digit of 155?
5
What is the units digit of 4178?
8
What is the thousands digit of 1190?
1
What is the tens digit of 43601?
0
What is the hundreds digit of 2363?
3
What is the tens digit of 805?
0
What is the tens digit of 2196?
9
What is the thousands digit of 31491?
1
What is the thousands digit of 1678?
1
What is the hundreds digit of 1344?
3
What is the tens digit of 37615?
1
What is the hundreds digit of 8107?
1
What is the tens digit of 56887?
8
What is the hundreds digit of 2247?
2
What is the thousands digit of 4850?
4
What is the hundreds digit of 11692?
6
What is the hundreds digit of 319?
3
What is the thousands digit of 1983?
1
What is the tens digit of 1874?
7
What is the units digit of 2237?
7
What is the tens digit of 7905?
0
What is the hundreds digit of 8516?
5
What is the hundreds digit of 1323?
3
What is the tens digit of 309?
0
What is the thousands digit of 6515?
6
What is the ten thousands digit of 18812?
1
What is the ten thousands digit of 28618?
2
What is the hundreds digit of 467?
4
What is the ten thousands digit of 14380?
1
What is the units digit of 2188?
8
What is the tens digit of 2334?
3
What is the thousands digit of 12202?
2
What is the units digit of 3245?
5
What is the tens digit of 2348?
4
What is the tens di